0. Is p a composite number?
False
Let i(r) = -424*r - 12. Let v be i(2). Let f = -1270 - v. Is ((-6)/(-15))/((-1642)/f + -4) a composite number?
True
Let j(t) = 82*t - 8. Let z(o) = 41*o - 4. Let h(i) = 3*j(i) - 5*z(i). Let s be h(5). Suppose 4*m = 5*b - 1047, -2*m + 7*m = b - s. Is b a composite number?
False
Suppose 0 = -4*s - 2*m + 12, 3*s + 3*m = -0*s + 9. Suppose -2*t = -3*k + 4546, -k + s*k = 4*t + 3020. Is (6/4)/(3 + k/(-508)) a prime number?
True
Suppose 2*g - 321244 = 3*q, -14*g + 2*q + 160625 = -13*g. Is g a composite number?
True
Let t = 96629 + -58198. Is t a prime number?
True
Suppose -4*w - 5 = w + 2*m, -24 = 3*w - 3*m. Suppose -2*b - 16 = -0*b. Is -4*(w - (-38)/b) a composite number?
False
Suppose 3*c - 54 = -18. Suppose -3*b - c = -7*b. Suppose b*j - 5756 = -j. Is j prime?
True
Let u(w) = -w**3 + 13*w**2 + 22*w + 9. Let g be u(12). Suppose -4*r - 20 = 0, -2*l - 36 + g = -5*r. Is l a prime number?
False
Suppose 8*o - 662094 = 444826. Suppose -38029 + o = 16*w. Is w a composite number?
False
Let v(q) = 1135*q**2 + 41*q - 181. Is v(4) a prime number?
True
Is 983637/17 - (-12)/18*15 a prime number?
False
Suppose -138*r + 16080104 = -17438302. Is r a prime number?
True
Let q(a) = a**3 + 7*a**2 + 1. Let f be q(-7). Is 2791/f - (9 - (8 - 5)) a prime number?
False
Is ((-5)/(15/246))/(-5*14/7805) a composite number?
True
Let o(g) = -103*g**3 - 2*g - 7. Let w be o(-4). Let s = w + 476. Is s composite?
False
Let j(y) = 16*y**2 - 5*y - 29. Let x(u) = u**2 + u - 2. Let i(c) = j(c) + x(c). Is i(6) prime?
True
Suppose -84 = -50*r + 47*r. Suppose -4*x = 2*u + 2*u - r, -3*x = u + 1. Suppose -10*f - 501 = -u*f. Is f prime?
False
Suppose -19 = -2*h - 37. Let j = h + 12. Suppose 2*n + 1132 = 2*i - 0*n, j*n + 9 = 0. Is i prime?
True
Suppose -t - 1 = 0, -2*x + 34 - 21 = -5*t. Let j = -630 - -924. Suppose j = x*a + 74. Is a a prime number?
False
Let s(k) = -38808*k - 94. Let u be s(2). Let q = u - -125029. Is q a composite number?
True
Let v(z) = 65*z**3 - 4*z**2 + 10*z - 10. Let w be v(2). Let p = 1437 - w. Is p a prime number?
False
Let u(p) = -97*p - 1568. Let h be u(-17). Let s = -193 + -8. Is s/2*(-9)/(h/12) a prime number?
False
Let h = -232 + 237. Suppose h*l - 1956 = -7*a + 6*a, 3837 = 2*a - 5*l. Is a prime?
True
Let m = 298266 - 206533. Is m a composite number?
False
Let j(c) = -78*c**3 + 13*c**2 + c - 13. Let n be j(-5). Let d = -6894 + n. Is d a prime number?
True
Let m(v) = -v**3 + v**2 - 8*v + 43. Let d be 2/4*(13 + -47). Is m(d) composite?
False
Suppose -5*d = 3*g + 219, g - 2 = 5*d - 75. Let l = 45 + g. Is (-2 + 3532/5)/(l/(-70)) a prime number?
False
Suppose 13*p = -12002 + 3162. Let o = -454 - p. Is o prime?
False
Let b(q) = -q**3 - 27*q**2 - q - 20. Let v = -29 - -2. Let c be b(v). Suppose 6*y = -c*y + 44629. Is y a prime number?
True
Let r = -15925 - -58128. Is r composite?
True
Let d(r) = r**3 - 10*r**2 + 5*r - 6. Let c(s) = 5*s**3 - 50*s**2 + 24*s - 31. Let t(u) = 2*c(u) - 11*d(u). Let l be t(11). Let o = l - -277. Is o composite?
False
Let y(h) = 5*h**3 - 19*h**2 - 19*h + 212. Is y(18) composite?
True
Suppose 5*s = -4*a + 386419, 8*a + 3*s - 772814 = s. Is a a composite number?
False
Let s = 376 - 168. Let n = 459 + s. Is n prime?
False
Suppose f + 90 - 19 = h, 0 = -3*f + 15. Let v = 31 - h. Let j = v + 104. Is j a prime number?
True
Suppose 115*a + 2716 = 2486. Suppose 0 = z - 1 + 3. Is (-5 + z/a)*148/(-16) prime?
True
Let z = -28584 - -70300. Suppose 0*v + 3*c = 2*v - z, v + 4*c - 20869 = 0. Is v a prime number?
False
Let d(s) = -9039*s + 1666. Is d(-7) a composite number?
True
Let g = 20 + 76. Suppose -78 + g = 2*r. Suppose w = -5*z + 400, 5*z + 6 = -r. Is w prime?
False
Is (6*(-22)/396)/(2/(-683778)) a prime number?
True
Suppose -16 = 3*y + i, y - 4*i = 2*y + 20. Let a be y*(-14)/7*(-5)/(-8). Suppose w = 2*o - 3*o + 867, 2*w = a*o - 4307. Is o a prime number?
True
Let d = -132885 - -289394. Is d a composite number?
True
Let p(w) = -9*w - 7. Let u be p(-2). Let z be (-2 + 1)*0/1. Suppose u*d - 6*d - 885 = z. Is d a composite number?
True
Is -7 + 930/150 - 224219/(-5) a composite number?
False
Let u(v) = 44016*v**3 + v**2 + 7*v - 7. Is u(1) a prime number?
True
Let h(s) = 71*s**2 - 6*s + 33. Let y be h(5). Suppose 4585 + y = 9*m. Is m a prime number?
False
Let l(m) = m**3 + m**2 + 7*m + 1. Let x be l(-3). Let f = 1173 - x. Is f a composite number?
True
Suppose 0 = -5*o - 14*o + 304. Suppose -o = -q + 5*p + 320, 7*p = -21. Is q prime?
False
Let d(h) = 142*h**2 + 161*h + 230. Is d(43) prime?
False
Let a be (4 - 468/(-5))/(12/330). Let c = 4107 - a. Is c composite?
False
Let k be (-4)/((-6)/(0 + -3)). Let b(d) = d**2 + 7*d - 14. Let y be b(-9). Is -1*(-1105 + y) + k prime?
False
Suppose 11 = -2*t - l - 0*l, 0 = 3*t + l + 18. Is 4113 + -1 + t + 20/5 composite?
True
Let u = -117 + 255. Let b = -122 + u. Suppose b*a = 5*a + 979. Is a composite?
False
Let z be (-4 - -7)*20/(-12). Let d(v) be the third derivative of -v**6/30 + v**5/15 - v**4/24 + v**3 + 7*v**2. Is d(z) composite?
True
Suppose 0 = 4*h + n + 119, -3*n = 2*n - 5. Let s(c) = -c**3 - 27*c**2 + 64*c - 11. Is s(h) a composite number?
False
Suppose -25*u = -46*u + 689829. Is u composite?
True
Let n(x) = -5*x - 132. Let k be n(-20). Is 2/k + 818756/64 prime?
False
Suppose n + 3*n + 4*t = 0, 3*n + t = 4. Suppose n = -3*g + 2. Suppose 3 = a, -2*p + a + g*a + 1375 = 0. Is p composite?
True
Suppose 4*w = -0*w - 4*f + 36, 4 = 4*w - 4*f. Suppose 2*g + w*o = -16, 0*g + 5*g + o = 6. Suppose g*n - 8007 = 71. Is n a composite number?
True
Let y(c) = -c + 9. Let j be y(6). Suppose j*w + 71077 = -51851. Is w/(-65) + 3/5 composite?
False
Suppose 12 = -4*t - 12, 5*t + 2104747 = q. Is q prime?
True
Suppose 5*i + 3*y - 41 = 0, -3*y = -5*i - 0*y + 29. Suppose i*j - 18 = j. Suppose -7*m + j*m + 11108 = 0. Is m a prime number?
True
Let j be -3 - (7 + (-2548 - -5)). Suppose -4*g + 11023 = -j. Is g prime?
True
Suppose -3*l - 6036522 = -32*l + 10504295. Is l composite?
False
Suppose 2*m - p - 17 = -m, -5*p = -5*m + 45. Suppose 2*b - m*c - 1197 - 2723 = 0, 4*b + c = 7813. Is b composite?
True
Suppose -3*o + 310 = -86. Suppose 0 = u - 2*x - 3854, -3722 = -u + x + o. Suppose 414 + u = 4*t. Is t a prime number?
False
Let u be 3 - 1622/(-5 + 3). Suppose -766 - u = l. Let f = -37 - l. Is f a composite number?
False
Suppose 4*j - 4*k - 32 = 2*j, -5 = k. Suppose l - 10 = 3*v, -v + 0*l - j = -3*l. Is (-9)/v - -134*(2 - -36) a prime number?
False
Is (-2)/13 - (-94210245)/585 a composite number?
True
Let h be ((-539)/14)/(-11) + (-3)/(-6). Suppose 2*z = -h*s - 0*z + 53956, -3*s + 40477 = 4*z. Is s composite?
False
Let q = -39 + 35. Let i(n) be the third derivative of 43*n**5/60 - n**4/4 - 5*n**3/2 - 3*n**2. Is i(q) composite?
True
Let f(h) be the second derivative of -h**4/12 - 4*h**3/3 - 5*h**2/2 + h - 9. Let s be f(-8). Let b(m) = 30*m**2 - 3*m - 14. Is b(s) a prime number?
True
Let a(k) = 13796*k**2 + 4*k + 4. Let z be a(-2). Is (-3)/5 + z/50 prime?
True
Let m(x) = 61*x + 40. Let i(l) = l**2 - 3*l - 21. Let w be i(7). Is m(w) a composite number?
False
Let n(s) = 1249*s**2 - 42*s + 964. Is n(13) prime?
True
Suppose -6*z - 21392 = 8*z. Is -1 + z/12*-33 a composite number?
False
Let o(f) = 31*f - 1 + 1 + 1 + 641*f. Let v be (-14)/4*64/(-56) - 3. Is o(v) a composite number?
False
Let s(c) = -47162*c + 7193. Is s(-7) a prime number?
True
Let z(x) = 50*x**2 - 7*x + 52. Let a(l) = 11*l**2 - 2*l + 13. Let o(w) = -9*a(w) + 2*z(w). Suppose g + 8 = -3*g, -n - 5*g = 20. Is o(n) a composite number?
False
Let w = -11635 - -99956. Is w composite?
False
Let j(b) = 2*b + 21. Let i be j(-9). Suppose -3*t = -i*t + 7*t. Suppose o - 576 - 473 = t. Is o a composite number?
False
Let x(f) = -f**3 + 10*f**2 - 9*f + 9. Let z be x(6). Let k = z - -58. Let q = 234 - k. Is q a prime number?
False
Suppose -33*y - 11 = -44*y. Is (y + -3)*-538 + (-12 - -13) a composite number?
True
Let u = 44985 + -22464. Is u prime?
False
Let o = -193951 + 1221594. Is o a composite number?
False
Let q(b) = 98*b - 47. Let p be q(-10). Let n = 5602 - p. Is n composite?
True
Suppose 0 = -2*l + 810 - 42878. Let a = l - -31245. Is a a prime number?
True
Let b be -1 + -6*(3 - 4). Let r be (b/6 + 0)*6. Suppose -5*g = -3*f - 23431, 2*g - 18730 = -2*g - r*